e -4*i = 16, j + 4 = -2*i - 2. Let n(r) = 8*r**2 - 2*r. Let x = 17 + 65. What is the remainder when x is divided by n(j)?
26
Suppose 0 = -4*a + 131 - 135, 5*r = -3*a + 17. Suppose 5*w + 0*s - 167 = -s, -2*s = 2*w - 70. Calculate the remainder when w is divided by r.
1
Let y be 345/(-7) + (-2)/(-7). Let x = -11 - y. What is the remainder when x is divided by 4 - -18*(-4)/(-8)?
12
Suppose 0 = 4*i - 20 + 4. Let m(l) = 3*l**2 - 1. Suppose 2*k + 3 = 1. Calculate the remainder when i is divided by m(k).
0
Let b be (1/(-3))/((-4)/24). Suppose -r - b*r = 45. Let i = 27 + r. What is the remainder when 22 is divided by i?
10
Let i be 11*(0 + -3 + 0 + 4). Suppose -i*z + 14*z = 27. Suppose -3*u + 15 = 2*u. Calculate the remainder when z is divided by u.
0
Let c be (-44)/16 + 2/(-8). Let w(n) be the second derivative of -n**4/12 - 7*n**3/6 - n**2 - 21*n. Calculate the remainder when 16 is divided by w(c).
6
Suppose 0 = 3*x + 3*z - 387, 5*z + 609 = 5*x + z. Suppose 0*v - x = -5*v. Calculate the remainder when v is divided by 3/6*(20 - (1 - -1)).
7
Suppose -3*k = -5*a - 12, 2*k = -0*k - 3*a + 8. Suppose -l = k - 13. What is the remainder when 34 is divided by l?
7
Calculate the remainder when ((-72)/15)/6*120*-1 is divided by 20.
16
Let h be 1/(2/8) + (28 - 29). Suppose -h*m - 4*z + 146 = 0, -3*m + 174 = -4*z + z. What is the remainder when m is divided by 14?
12
Let l(o) = -4*o**2 - 5*o - 4. Let r be l(-1). What is the remainder when (18/(-8))/r - 473/(-4) is divided by 31?
26
Let r = -1933 + 1944. Let q be ((-1)/3)/(1/(-6)). What is the remainder when ((-32)/(-3))/(q/6) is divided by r?
10
Let b(u) = u + 3. Calculate the remainder when b(8) is divided by (-47)/(-7) + (-12)/(-42).
4
Let v(r) = 2*r**2 + 19*r. Calculate the remainder when v(-13) is divided by 20.
11
Suppose 3*x - 415 + 40 = 0. Calculate the remainder when x is divided by 33.
26
Suppose c - 97 + 0 = -3*h, -5*h = 5*c - 155. Let k = h - 15. Calculate the remainder when 2/((-8)/(-340))*(-6)/(-15) is divided by k.
16
Let p(i) = i**3 - 3*i**2 + 4. Let w be p(3). Let f = w - 10. Calculate the remainder when f/8 - 378/(-24) is divided by 8.
7
Suppose v - 28 = 4*a - v, 0 = -5*a - 4*v - 48. Let x(t) = -8*t - 49. Let s = -44 - -103. What is the remainder when s is divided by x(a)?
14
Let w = 133 - 74. Calculate the remainder when 163 is divided by w.
45
Suppose 3*h - 103 - 49 = 4*p, 4*h - p - 220 = 0. What is the remainder when 355 is divided by h?
19
Suppose -2*o = -6*o. Suppose o = 7*l - 9*l + 130. What is the remainder when l is divided by 24?
17
Let w(i) = 5*i + 7. Suppose 91*d - 87*d + 4*t - 44 = 0, 4*t - 12 = -2*d. Calculate the remainder when w(7) is divided by d.
10
Calculate the remainder when 1/(-5) - (-48864)/120 is divided by 8.
7
Let p(d) = -23*d**3 - 2*d + 1. Let v be p(1). Let m = v + 57. Suppose 4*w + 60 = 4*r - 0*r, 2*w + 6 = 0. What is the remainder when m is divided by r?
9
Let a(f) = -f + 51. Let u(r) = -r**3 + r**2 - r + 1. Let o be u(1). What is the remainder when a(o) is divided by 60/(-12) - (-1 + -22)?
15
Let f(k) = k**3 - 8*k**2 + 12*k - 60. What is the remainder when 249 is divided by f(8)?
33
Let k be (6*-8)/(20/5 - 3). Let q = k + 233. What is the remainder when q is divided by 47?
44
Suppose -5*f = -3*f + 5*j, -3*f - j + 13 = 0. Suppose 5*z = -2*c - 10, -c + 5*z - 3 = 2. Let t = c + 14. Calculate the remainder when t is divided by f.
4
Let g(x) = -x**3 - 14*x**2 - x - 9. Let q be g(-14). Let s = 8 - q. Suppose -s*p = 2*p - 45. What is the remainder when 25 is divided by p?
7
Let t = 77 - 52. Suppose 0 = 2*c - 2*o - 26, 5*o = -4*c + 5*c - t. What is the remainder when 17 is divided by c?
7
Suppose 12*c = 17*c + 15, 5*c = -2*a + 221. Suppose -4*q - 2*u + 94 = 0, q = -0*q + 3*u + 27. What is the remainder when a is divided by q?
22
Suppose -o = -4*l - 4, -o = -2*o - 2*l + 4. Suppose 33 = o*r - 35. Let y = -23 + 55. What is the remainder when y is divided by r?
15
What is the remainder when (12/(-10))/(-6 + 352/60) is divided by 6?
3
Suppose 3*x + 16 = 5*f, -12 = -3*f + 2*x - 3. Suppose f*o - 7*u + 3*u = 35, -3*u = 0. Let h = -18 + 20. What is the remainder when o is divided by h?
1
Suppose -5*o + 0*r + 217 = 3*r, -r = -3*o + 119. Suppose 2*n = 5*g + 351, -g - 4*g + 301 = 2*n. Calculate the remainder when n is divided by o.
40
What is the remainder when 59 is divided by 3 + ((-2)/(-6))/((-30)/(-1530))?
19
Let a(n) = 58 - n - 6*n**2 - 4*n + 365 + n**2. Let l(u) = -3*u**2 - 3*u + 282. Let p(f) = -5*a(f) + 8*l(f). What is the remainder when p(0) is divided by 36?
33
Suppose 0 = 2*c - 0 - 8. Suppose -49 - 43 = -c*l. What is the remainder when 45 is divided by l?
22
Let o be ((-24)/(-54))/2 - (-4)/(-18). Let w(l) = -l + 19. What is the remainder when 73 is divided by w(o)?
16
Let m = -803 + 847. Calculate the remainder when 274 is divided by m.
10
Let d(y) = 6*y + 5. Suppose 0 = -0*k - 2*k - 4*r + 32, -5*r - 50 = -5*k. What is the remainder when d(7) is divided by k?
11
Let s be (1 - 0)/(7*(-4)/(-1484)). Let a = 55 - s. Calculate the remainder when 19 is divided by a.
1
What is the remainder when 268 is divided by (9730/(-175))/((-2)/5)?
129
Let z(s) = -3*s + 42. Suppose -17*f = -5*f + 120. Suppose -167 = -5*v + 18. What is the remainder when z(f) is divided by v?
35
Suppose -l + 9*l - 136 = 0. Let n = -3 + 7. Suppose -b + 3*b - 132 = -o, 2*o = n*b - 256. What is the remainder when b is divided by l?
14
Let v(p) = 6*p + 21. What is the remainder when v(12) is divided by (12/(-5))/((-6)/80)?
29
Let x(b) = -3*b**3 + 3*b**2 - b - 2. Let v be x(2). Let q be (-153)/2 - 8/v. Let t = -54 - q. What is the remainder when 86 is divided by t?
20
Let i(d) = -d**2 + 3*d + 10. Let x be i(5). Suppose 3*t - 6*t + 168 = x. Suppose 6*l - t = 16. Calculate the remainder when l is divided by 7.
5
Let t(r) = r + 16. Let o(u) = -u**2 + 5*u + 22. Let p be o(8). Let i(d) = 2*d**2 - 4*d - 3. What is the remainder when i(-5) is divided by t(p)?
11
Let t(v) = 2*v**2 + 2*v + 1. Let b be t(-3). Suppose 4*c - b*c + 171 = 0. What is the remainder when c is divided by 53/4 - (-1)/(-4)?
6
Let q = 487 + -322. Calculate the remainder when q is divided by 77.
11
Let d(x) = -x**3 - 4*x**2 - 3*x + 2. Let g be d(-3). Let i be 12/16*52 - -1. What is the remainder when 8 is divided by (i/24)/(g/6)?
3
Let y = 158 - 124. What is the remainder when 98 is divided by y?
30
What is the remainder when 44 is divided by (3 + 5)*29/58?
0
Suppose -5*c + 2 = -4*c. What is the remainder when 77 - 0 - (2 - (2 + c)) is divided by 41?
38
Let m be (-7)/2*16/(-28). Suppose 4*z = -2*f - z + 62, -5*z - 62 = -m*f. What is the remainder when 120 is divided by f?
27
Suppose -8*o = -12*o + 64. Let z = 104 - 64. Suppose -t - 4 = 0, -2 + z = 2*j - 5*t. What is the remainder when o is divided by j?
7
What is the remainder when 173 is divided by ((-176)/12)/((-14)/21)?
19
Let b = 3 - 4. Suppose 2939*r = 2943*r - 72. Calculate the remainder when (71 - 0) + (b - -1) is divided by r.
17
Calculate the remainder when 261 is divided by 53/1 + -33 + 33.
49
Suppose 0 = -3*n - 4*y + 548, -5*n + 3*y + 461 = -491. What is the remainder when n is divided by 52?
32
Suppose 0 = -x + 5, -3*r + 0*r + 4*x = 2. Let h = r - 4. Suppose 0 = n - 0*n - h. Calculate the remainder when 2 is divided by n.
0
Let s be (-29 + 1)*(-63)/(-36). Let z = -18 - s. Let w(k) = -k**3 - 3*k**2 - 4*k - 9. What is the remainder when w(-6) is divided by z?
30
Let y be (4/14)/((-20)/(-70)). Let o(k) = 34*k + 4. What is the remainder when o(y) is divided by 8?
6
Let l = -52 + -79. Let o = -77 - l. What is the remainder when o is divided by 14?
12
Suppose 2*v + 171 = n, -3*n - 186 = -4*n - 3*v. Calculate the remainder when n is divided by 18.
15
Suppose 2*f + f + 11 = j, 3*f + 31 = 5*j. Suppose 5*y + 3 = 33. Let g(o) = -4*o + 26. Calculate the remainder when j is divided by g(y).
1
Let x = -473 + 495. Suppose -t = -c - 7, -2*c - 28 = -4*t - c. Calculate the remainder when x is divided by t.
1
Suppose 4*a + 43 = -2*s + 67, 0 = 3*s. Let d(q) = 21*q**2 - 2*q - 1. What is the remainder when d(-1) is divided by a?
4
Let x = -1802 - -1862. Calculate the remainder when x is divided by 5.
0
Suppose -2*c - 3*l = -34, -l + 2 + 2 = 0. Suppose -p + 3*q = 50, p + 3*q + 19 = -13. Let u = p + 83. What is